ple of 15?
True
Does 58 divide 121737037?
False
Is 173 a factor of 9937035?
False
Does 5 divide 505784934?
False
Does 419 divide 30799433?
True
Does 29 divide 4391219527?
True
Is 942272472 a multiple of 1901?
True
Does 15 divide 344513550?
True
Does 3 divide 11101903?
False
Does 268 divide 16271888?
True
Is 32 a factor of 43077838?
False
Is 152 a factor of 453703334?
False
Is 642880 a multiple of 82?
True
Does 12 divide 661794780?
True
Is 12 a factor of 163555698?
False
Is 1109864543 a multiple of 139?
True
Is 456 a factor of 34710264?
True
Is 98737365 a multiple of 15?
True
Is 22655400 a multiple of 120?
True
Does 35 divide 926077294?
False
Is 51 a factor of 20266890?
True
Is 230154398 a multiple of 289?
True
Is 3 a factor of 3375975?
True
Is 16 a factor of 20214550?
False
Is 4192 a factor of 119660599?
False
Is 97012312 a multiple of 825?
False
Is 90800793 a multiple of 1169?
False
Is 158 a factor of 10797847?
False
Does 304 divide 2901534080?
True
Is 218 a factor of 249529?
False
Does 85 divide 304474856?
False
Is 43 a factor of 10309326?
False
Is 332 a factor of 46404468?
False
Is 152 a factor of 32203227?
False
Is 3502872360 a multiple of 1348?
True
Does 1473 divide 538634856?
True
Does 23 divide 421103262?
False
Does 28 divide 26167117?
False
Is 2430 a factor of 2154376876?
False
Does 312 divide 2867496119?
False
Is 5 a factor of 292391423?
False
Does 8 divide 2644584?
True
Is 878064602 a multiple of 138?
False
Is 16 a factor of 237225744?
True
Does 343 divide 220459477?
True
Is 818994743 a multiple of 24?
False
Is 5712042 a multiple of 41?
False
Is 364300114 a multiple of 890?
False
Does 14 divide 123507566?
True
Does 316 divide 83253676?
True
Does 1169 divide 59075113?
False
Is 40175358 a multiple of 6?
True
Is 6135560 a multiple of 5?
True
Does 73 divide 5692962?
False
Is 39 a factor of 45562725?
True
Does 2 divide 3971965?
False
Does 39 divide 1816714?
False
Is 3913 a factor of 434562128?
True
Is 34 a factor of 19752500?
False
Does 410 divide 79940570?
True
Is 212 a factor of 232746663?
False
Is 24551455 a multiple of 123?
False
Is 67 a factor of 13089722?
False
Is 1275491251 a multiple of 367?
True
Does 17 divide 276363488?
False
Is 226592277 a multiple of 133?
False
Is 748 a factor of 1781317868?
True
Does 144 divide 3135221453?
False
Is 510 a factor of 15075090?
True
Does 15 divide 448905993?
False
Is 2450 a factor of 282235100?
True
Is 47 a factor of 46974432?
True
Is 458748256 a multiple of 13?
False
Does 3 divide 134814993?
True
Is 253 a factor of 123274039?
False
Is 354604180 a multiple of 5013?
False
Is 190627213 a multiple of 3?
False
Is 27678590 a multiple of 185?
True
Does 63 divide 3051681633?
True
Is 22 a factor of 47121700?
False
Is 275 a factor of 47521601?
False
Is 2053360465 a multiple of 1310?
False
Does 105 divide 69164215?
False
Is 341 a factor of 68099626?
False
Does 24 divide 608312?
False
Is 183537078 a multiple of 8?
False
Is 26762250 a multiple of 1275?
True
Does 10 divide 14006944?
False
Is 15 a factor of 726923070?
True
Does 15 divide 75315690?
True
Does 901 divide 3022412469?
False
Is 293915952 a multiple of 216?
True
Is 24152240 a multiple of 280?
True
Is 6396438 a multiple of 3?
True
Is 3401 a factor of 123840613?
True
Does 1276 divide 29168542?
False
Is 23 a factor of 962902369?
False
Does 531 divide 6212169?
True
Does 279 divide 1751722983?
True
Does 123 divide 132664690?
False
Does 461 divide 31010548?
True
Is 473714441 a multiple of 4027?
False
Is 2482002 a multiple of 18?
True
Is 21734304 a multiple of 564?
True
Does 10 divide 41527870?
True
Does 105 divide 18287325?
True
Does 26 divide 42628872?
True
Is 2291387210 a multiple of 7145?
True
Does 17 divide 12150225?
False
Is 38 a factor of 60373640?
True
Is 70486702 a multiple of 11?
True
Does 56 divide 795106760?
True
Is 887343377 a multiple of 1248?
False
Is 48 a factor of 192108096?
True
Is 13 a factor of 2182836?
False
Is 132562486 a multiple of 7?
True
Is 158630128 a multiple of 18?
False
Is 27679496 a multiple of 7?
False
Does 12526 divide 5488053958?
True
Is 328 a factor of 291160922?
False
Is 2583 a factor of 572305377?
False
Is 21620184 a multiple of 8?
True
Is 6821 a factor of 428181454?
True
Is 67424721 a multiple of 1350?
False
Does 89 divide 70618652?
True
Does 1401 divide 175947387?
True
Does 1082 divide 68869300?
True
Is 3029 a factor of 34424585?
True
Does 96 divide 178098144?
True
Does 10 divide 90980854?
False
Does 7 divide 172254551?
True
Is 415348651 a multiple of 1219?
True
Is 65445974 a multiple of 22?
True
Is 2612560 a multiple of 16?
True
Does 14 divide 226274207?
False
Is 174 a factor of 12974136?
True
Is 207735817 a multiple of 64?
False
Is 140 a factor of 426784565?
False
Is 2270670211 a multiple of 6170?
False
Is 730 a factor of 155922908?
False
Does 77 divide 5548312?
True
Does 2 divide 22403918?
True
Is 1299009 a multiple of 7?
False
Is 48710556 a multiple of 52?
False
Does 198 divide 10516374?
True
Is 27 a factor of 119325825?
True
Is 4433 a factor of 999712446?
False
Is 2392663089 a multiple of 16?
False
Is 41141885 a multiple of 14?
False
Is 21496028 a multiple of 2?
True
Does 207 divide 82842530?
False
Does 2890 divide 43017650?
True
Is 112686227 a multiple of 35?
False
Does 203 divide 68436984?
True
Is 10 a factor of 359368200?
True
Is 64857364 a multiple of 923?
True
Is 342 a factor of 357587375?
False
Is 25 a factor of 407296774?
False
Is 1814 a factor of 807977368?
True
Is 31307539 a multiple of 1724?
False
Does 1672 divide 66376267?
False
Does 2664 divide 3508927560?
True
Does 1020 divide 4046415?
False
Is 187 a factor of 320260875?
True
Does 700 divide 26884900?
True
Is 305 a factor of 110931245?
True
Does 21 divide 25924278?
False
Is 12 a factor of 2204508828?
True
Does 604 divide 233462888?
False
Is 112 a factor of 141406197?
False
Does 387 divide 52287122?
False
Is 426303570 a multiple of 2926?
True
Is 6551384427 a multiple of 13?
False
Does 5 divide 66348534?
False
Is 9 a factor of 332910255?
False
Is 250 a factor of 341941000?
True
Is 3881 a factor of 49600609?
False
Does 151 divide 155914295?
True
Does 56 divide 1917440?
True
Is 908775 a multiple of 315?
True
Is 33 a factor of 2758380199?
False
Does 747 divide 240731955?
True
Is 15267085 a multiple of 109?
True
Is 1973782144 a multiple of 128?
True
Is 115752600 a multiple of 12?
True
Does 1819 divide 433796939?
True
Is 731606106 a multiple of 2442?
True
Is 75 a factor of 447555300?
True
Does 32 divide 3252320896?
True
Is 123527240 a multiple of 502?
False
Does 8 divide 746624720?
True
Does 30 divide 199306440?
True
Is 369142158 a multiple of 5?
False
Is 379 a factor of 92164841?
True
Is 21134430 a multiple of 1679?
False
Is 41069145 a multiple of 200?
False
Is 26096105 a multiple of 154?
False
Is 82509382 a multiple of 1439?
True
Is 20871894 a multiple of 157?
True
Does 15 divide 1065654296?
False
Does 97 divide 19530465?
True
Is 105 a factor of 35089316?
False
Is 121 a factor of 835018338?
True
Is 122702796 a multiple of 10?
False
Is 13141284 a multiple of 52?
True
Is 80 a factor of 79412319?
False
Is 110 a factor of 20481486?
False
Does 343 divide 19937218?
True
Is 212696966 a multiple of 97?
False
Is 7400295 a multiple of 105?
True
Is 1699 a factor of 1279347?
True
Is 803 a factor of 205261171?
False
Is 42 a factor of 728868?
True
Is 1413460776 a multiple of 13?
True
Is 1592 a factor of 7491318?
False
Is 29693244 a multiple of 21?
True
Is 215953033 a multiple of 403?
False
Does 524 divide 1514884?
True
Does 7 divide 27072451?
True
Does 18 divide 17090892?
True
Is 15585983 a multiple of 794?
False
Does 624 divide 492436469?
False
Is 25367301 a multiple of 691?
True
Does 105 divide 45809368?
False
Is 1979342620 a multiple of 590?
True
Is 112 a factor of 1360697878?
False
Is 1463026612 a multiple of 16?
False
Does 996 divide 19457200?
False
Is 33 a factor of 910915507?
False
Is 219576500 a multiple of 3700?
True
Does 60 divide 2492691420?
True
Is 52 a factor of 387987396?
False
Is 71308729 a multiple of 35?
False
Does 113 divide 78309000?
True
Is 4104 a factor of 651198096?
True
Is 205 a factor of 212035436?
False
Is 352 a factor of 64120980?
False
Is 550250362 a multiple of 274?
True
Does 2507 divide 14569925?
False
Is 53 a factor of 50889593?
True
I